{"id":27,"date":"2019-05-15T15:21:08","date_gmt":"2019-05-15T13:21:08","guid":{"rendered":"https:\/\/www.martinkreuzer.net\/?page_id=27"},"modified":"2020-05-22T13:18:29","modified_gmt":"2020-05-22T11:18:29","slug":"zadosti-formulare","status":"publish","type":"page","link":"https:\/\/www.martinkreuzer.net\/index.php\/zadosti-formulare\/","title":{"rendered":"\u017e\u00e1dosti &#8211; formul\u00e1\u0159e"},"content":{"rendered":"\r\n<p>&nbsp;<\/p>\r\n<table class=\"wp-block-table\">\r\n<tbody>\r\n<tr>\r\n<td>\r\n<p>  D\u016fle\u017eit\u00e9 z\u00e1kony a vyhl\u00e1\u0161ky<br \/><br \/>\r\n<a href=\"https:\/\/www.martinkreuzer.net\/old\/doc\/Stavebni zakon.doc\" target=\"_blank\" rel=\"noreferrer noopener\">Stavebn\u00ed \u0159\u00e1d<\/a><br \/>\r\n<a href=\"https:\/\/www.mmr.cz\/cs\/Ministerstvo\/Stavebni-pravo\/Stanoviska-a-metodiky\/Uzemni-rozhodovani-a-stavebni-rad\" target=\"_blank\" rel=\"noreferrer noopener\">\u00dazemn\u00ed rozhodov\u00e1n\u00ed<\/a><br \/>\r\n<a href=\"http:\/\/www.mesto-pisek.cz\/zadosti%2Da%2Dformulare\/ds-1198\/p1=1036\" target=\"_blank\" rel=\"noreferrer noopener\">\u00dazemn\u00ed pl\u00e1nov\u00e1n\u00ed<\/a><br \/>\r\n<a href=\"https:\/\/www.mmr.cz\/cs\/Ministerstvo\/Urad\/Legislativa-v-priprave\/Platne-pravni-predpisy-(1)\" target=\"_blank\" rel=\"noreferrer noopener\">Platn\u00e9 pr\u00e1vn\u00ed p\u0159edpisy na \u00faseku stavebn\u00edho \u0159\u00e1du a \u00fazemn\u00edho pl\u00e1nov\u00e1n\u00ed<\/a><br \/>\r\n<a href=\"https:\/\/www.mmr.cz\/cs\/Ministerstvo\/Stavebni-pravo\/Pravo-a-legislativa-(1)\/Prehled-platnych-pravnich-predpisu\/Dalsi-predpisy\" target=\"_blank\" rel=\"noreferrer noopener\"> Dal\u0161\u00ed platn\u00e9 p\u0159edpisy<\/a> <br \/>\r\n<a href=\"https:\/\/www.martinkreuzer.net\/old\/files\/CSN.XLS\"> Platn\u00e9 \u010cSN<\/a> \r\n<a href=\"https:\/\/www.martinkreuzer.net\/old\/doc\/Jak postupovat.doc\"> <br \/>Jak postupovat<\/a><\/p>\r\n<\/td>\r\n<\/tr>\r\n<\/tbody>\r\n<\/table>\r\n","protected":false},"excerpt":{"rendered":"<p>&nbsp; D\u016fle\u017eit\u00e9 z\u00e1kony a vyhl\u00e1\u0161ky Stavebn\u00ed \u0159\u00e1d \u00dazemn\u00ed rozhodov\u00e1n\u00ed \u00dazemn\u00ed pl\u00e1nov\u00e1n\u00ed Platn\u00e9 pr\u00e1vn\u00ed p\u0159edpisy na \u00faseku stavebn\u00edho \u0159\u00e1du a \u00fazemn\u00edho&hellip;<\/p>\n","protected":false},"author":1,"featured_media":0,"parent":0,"menu_order":0,"comment_status":"closed","ping_status":"closed","template":"","meta":{"footnotes":""},"class_list":["post-27","page","type-page","status-publish","hentry"],"_links":{"self":[{"href":"https:\/\/www.martinkreuzer.net\/index.php\/wp-json\/wp\/v2\/pages\/27","targetHints":{"allow":["GET"]}}],"collection":[{"href":"https:\/\/www.martinkreuzer.net\/index.php\/wp-json\/wp\/v2\/pages"}],"about":[{"href":"https:\/\/www.martinkreuzer.net\/index.php\/wp-json\/wp\/v2\/types\/page"}],"author":[{"embeddable":true,"href":"https:\/\/www.martinkreuzer.net\/index.php\/wp-json\/wp\/v2\/users\/1"}],"replies":[{"embeddable":true,"href":"https:\/\/www.martinkreuzer.net\/index.php\/wp-json\/wp\/v2\/comments?post=27"}],"version-history":[{"count":7,"href":"https:\/\/www.martinkreuzer.net\/index.php\/wp-json\/wp\/v2\/pages\/27\/revisions"}],"predecessor-version":[{"id":83,"href":"https:\/\/www.martinkreuzer.net\/index.php\/wp-json\/wp\/v2\/pages\/27\/revisions\/83"}],"wp:attachment":[{"href":"https:\/\/www.martinkreuzer.net\/index.php\/wp-json\/wp\/v2\/media?parent=27"}],"curies":[{"name":"wp","href":"https:\/\/api.w.org\/{rel}","templated":true}]}}